NOAA-Style Climate Reports

Select a Year or Month report
2018: Jan Feb Mar Apr May Jun Jul Aug Sep Oct Nov Dec
2017: Jan Feb Mar Apr May Jun Jul Aug Sep Oct Nov Dec
2016: Jan Feb Mar Apr May Jun Jul Aug Sep Oct Nov Dec
2015: Jan Feb Mar Apr May Jun Jul Aug Sep Oct Nov Dec
2014: Jan Feb Mar Apr May Jun Jul Aug Sep Oct Nov Dec
2013: Jan Feb Mar Apr May Jun Jul Aug Sep Oct Nov Dec

Report for 2013 August
                   Monthly Climatological Summary for Aug 2013

Name: GainesvilleTXWX   City: Gainesville   State: Texas
Elevation: 876 ft  Lat: N 33° 41' 02"   Lon: W 097° 10' 25"

                  Temperature (°F), Rain (in), Wind Speed (mph)

                                      Heat  Cool        Avg
    Mean                              Deg   Deg         Wind                 Dom
Day Temp  High   Time   Low    Time   Days  Days  Rain  Speed High   Time    Dir
----------------------------------------------------------------------------------
 1  87.4 101.5   3:40p  76.1   6:50a  22.4   0.0  0.12   6.0  17.2   4:10p    NE
 2  90.0 104.2   4:00p  77.4   5:40a  25.0   0.0  0.12   6.9  20.1   3:30p     S
 3  88.8 102.9   3:00p  74.5   6:50a  23.8   0.0  0.00   6.2  21.3   5:00p   SSE
 4  88.9 102.6   3:00p  75.7   5:40a  23.9   0.0  0.00   5.4  19.5   1:00p   SSE
 5  89.7 105.6   3:30p  75.6   6:50a  24.7   0.0  0.00   5.9  19.7   6:20p     S
 6  90.3 105.3   4:10p  75.2   6:50a  25.3   0.0  0.00   6.9  24.4   4:30p     S
 7  92.6 107.2   4:00p  79.3   6:40a  27.6   0.0  0.00   8.0  20.4   5:30p     S
 8  89.3 101.3   4:40p  77.4   7:00a  24.3   0.0  0.00   4.3  17.2   1:40p     S
 9  84.3 106.3   3:00p  74.5  11:30p  19.3   0.0  0.04   4.4  19.2   6:00p   NNW
10  83.4  99.7   4:10p  73.8   5:00a  18.4   0.0  0.00   6.3  18.1   6:20p     N
11  87.1 106.5   5:00p  70.0   6:40a  22.1   0.0  0.00   3.6  13.0   5:40p   NNE
12  87.9 102.7   4:20p  73.8   6:40a  22.9   0.0  0.00   4.8  19.5   4:00p     S
13  85.6  99.3   3:00p  77.5   5:20a  20.6   0.0  0.00   5.4  16.1   4:10p   NNE
14  82.4  96.1   1:30p  72.7   6:50a  17.4   0.0  0.00   6.9  19.5   2:30p   NNE
15  79.9  95.4   4:30p  68.4   6:20a  14.9   0.0  0.00   4.6  15.4   1:00p   ESE
16  76.8  90.9   3:00p  65.5   4:10a  11.8   0.0  0.38   4.8  33.6   3:40a    NE
17  77.5  93.6   3:10p  62.2   6:50a  12.5   0.0  0.00   4.0  15.4   5:30p    NE
18  79.9  96.8   2:30p  64.4   6:40a  14.9   0.0  0.00   3.4  15.7  12:50p     E
19  82.3  99.9   4:20p  68.4   6:40a  17.3   0.0  0.00   4.7  22.1   2:30p   ESE
20  84.2 106.9   2:20p  69.3   7:00a  19.2   0.0  0.00   4.2  15.4   5:50p    SE
21  84.5 100.4   2:10p  69.8   6:20a  19.5   0.0  0.00   4.6  19.2   2:40p   SSE
22  86.3 100.6   3:40p  71.8   5:40a  21.3   0.0  0.00   3.5  20.6   5:00p   SSE
23  87.7 104.9   3:50p  75.2   5:40a  22.7   0.0  0.00   4.6  15.9   5:00p   ESE
24  88.3 105.3   2:50p  74.3   6:10a  23.3   0.0  0.00   4.3  15.9   3:40p     E
25  88.0 101.5   3:30p  74.8   7:00a  23.0   0.0  0.00   5.7  19.5   5:00p   ESE
26  85.5  99.3   4:20p  72.0   7:00a  20.5   0.0  0.00   5.8  19.9  12:20p   ESE
27  81.0  94.1   6:10p  72.3   5:40a  16.0   0.0  0.00   5.5  20.4   4:10p     S
28  84.9 100.9   5:10p  72.1   7:30a  19.9   0.0  0.00   4.1  14.5   6:30p     S
29  89.1 107.2   1:50p  71.4   6:50a  24.1   0.0  0.00   2.4  18.8   3:50p     S
30  90.2 109.9   4:30p  73.9   6:00a  25.2   0.0  0.00   3.5  15.4   5:30p   SSE
31  91.0 112.5   3:30p  74.1   6:20a  26.0   0.0  0.00   3.1  15.2   3:00p     S
----------------------------------------------------------------------------------
    86.0 112.5    31    62.2    17   649.8   0.0  0.66   5.0  33.6    16      SE

Max >=  80.0: 31
Max <=  32.0:  0
Min <=  32.0:  0
Min <=   0.0:  0
Max Rain: 0.38 on day 16
Days of Rain: 4 (>= 0.01 in)  3 (>= 0.10 in)  0 (>= 1.00 in)
Heat Base: 65.0  Cool Base: 65.0  Method: Integration