NOAA-Style Climate Reports

Select a Year or Month report
2018: Jan Feb Mar Apr May Jun Jul Aug Sep Oct Nov Dec
2017: Jan Feb Mar Apr May Jun Jul Aug Sep Oct Nov Dec
2016: Jan Feb Mar Apr May Jun Jul Aug Sep Oct Nov Dec
2015: Jan Feb Mar Apr May Jun Jul Aug Sep Oct Nov Dec
2014: Jan Feb Mar Apr May Jun Jul Aug Sep Oct Nov Dec
2013: Jan Feb Mar Apr May Jun Jul Aug Sep Oct Nov Dec

Report for 2013 July
                   Monthly Climatological Summary for Jul 2013

Name: GainesvilleTXWX   City: Gainesville   State: Texas
Elevation: 876 ft  Lat: N 33° 41' 02"   Lon: W 097° 10' 25"

                  Temperature (°F), Rain (in), Wind Speed (mph)

                                      Heat  Cool        Avg
    Mean                              Deg   Deg         Wind                 Dom
Day Temp  High   Time   Low    Time   Days  Days  Rain  Speed High   Time    Dir
----------------------------------------------------------------------------------
 1  75.2  90.1   3:50p  63.3   6:50a  10.2   0.0  0.00   5.8  18.8  12:40p     N
 2  76.6  92.5   3:40p  60.3   6:00a  11.6   0.0  0.00   4.7  19.7   2:30p     N
 3  79.3  99.9   2:30p  61.0   5:20a  14.3   0.0  0.00   2.6  14.8   4:00p   ENE
 4  82.1 102.0   4:00p  67.3   2:40a  17.1   0.0  0.00   5.3  16.8   9:50a    SE
 5  83.0 100.6   3:30p  70.0   5:40a  18.0   0.0  0.00   5.8  20.8   2:50p    SE
 6  84.9  98.1   2:40p  70.7   5:50a  19.9   0.0  0.00   6.9  22.1   1:20p    SE
 7  85.6  99.5   2:00p  72.5   6:20a  20.6   0.0  0.00   6.2  17.7  10:00a    SE
 8  86.8  99.0   4:50p  74.7   5:40a  21.8   0.0  0.00   6.9  19.9   8:50a   SSE
 9  87.6 100.4   5:00p  73.2   6:20a  22.6   0.0  0.00   6.7  19.5   8:10a     S
10  89.6 106.7   2:10p  76.3   6:30a  24.6   0.0  0.00   4.8  19.2   2:20p     S
11  89.3 112.3   2:20p  76.3   6:20a  24.3   0.0  0.00   4.9  22.6   7:20p   SSE
12  88.2 103.8   3:50p  72.3   6:30a  23.2   0.0  0.00   4.7  15.2   1:00p   ESE
13  89.0 105.6   2:40p  75.9   6:10a  24.0   0.0  0.00   6.3  22.1   1:10p   ESE
14  72.5  82.2  12:00a  66.2  11:50p   7.5   0.0  0.54   3.4  14.1  12:10p     E
15  68.3  74.5   1:40p  64.2   7:20a   3.3   0.0  0.58   4.6  10.7   1:00a   ENE
16  77.0  93.7   5:30p  70.2   5:30a  12.0   0.0  0.33   4.8  18.8   8:30p     E
17  80.2  95.2   3:30p  70.2   3:00a  15.2   0.0  0.00   4.5  19.9   1:20a   ENE
18  82.9 100.0   5:20p  71.1   6:20a  17.9   0.0  0.00   2.6  15.4   2:30p   ESE
19  81.5 100.4   1:50p  72.0   6:30a  16.5   0.0  0.29   2.7  18.8   4:00p     S
20  77.3  99.9   1:50p  71.4   6:24a  12.3   0.0  0.17   4.2  22.6   3:30p     S
21  83.9  97.9   4:00p  72.9   6:50a  18.9   0.0  0.00   5.6  17.7   7:00p     S
22  85.1  96.6   3:20p  74.8   6:00a  20.1   0.0  0.00   6.6  21.5   6:00p     S
23  86.9  98.4   5:20p  76.5   6:30a  21.9   0.0  0.00   5.4  20.6   9:30a   SSW
24  80.7  98.8   3:20p  69.1   9:10a  15.7   0.0  0.16   6.0  45.0   5:00a   ENE
25  82.5  96.6   3:50p  70.0   5:40a  17.5   0.0  0.00   3.1  11.0   6:10p     E
26  80.5  93.6   2:30p  70.7   8:40a  15.5   0.0  0.63   7.0  19.9  12:00p   ENE
27  78.7  91.4   4:30p  70.5   6:30a  13.7   0.0  0.00   5.7  17.0  11:50a   NNE
28  79.9  92.8   5:20p  67.8   6:20a  14.9   0.0  0.96   4.0  19.7   3:10p    SE
29  83.4  93.9   5:20p  74.7   2:30a  18.4   0.0  0.00   8.1  21.3   3:40p    SE
30  85.3  98.1   4:10p  73.6   6:30a  20.3   0.0  0.12   6.9  26.4   9:20a     S
31  87.4 102.4   2:40p  73.6   6:20a  22.4   0.0  0.12   3.6  14.5   9:20a   NNE
----------------------------------------------------------------------------------
    82.3 112.3    11    60.3     2   536.2   0.0  3.90   5.1  45.0    24      SE

Max >=  80.0: 30
Max <=  32.0:  0
Min <=  32.0:  0
Min <=   0.0:  0
Max Rain: 0.96 on day 28
Days of Rain: 10 (>= 0.01 in)  10 (>= 0.10 in)  0 (>= 1.00 in)
Heat Base: 65.0  Cool Base: 65.0  Method: Integration