NOAA-Style Climate Reports

Select a Year or Month report
2018: Jan Feb Mar Apr May Jun Jul Aug Sep Oct Nov Dec
2017: Jan Feb Mar Apr May Jun Jul Aug Sep Oct Nov Dec
2016: Jan Feb Mar Apr May Jun Jul Aug Sep Oct Nov Dec
2015: Jan Feb Mar Apr May Jun Jul Aug Sep Oct Nov Dec
2014: Jan Feb Mar Apr May Jun Jul Aug Sep Oct Nov Dec
2013: Jan Feb Mar Apr May Jun Jul Aug Sep Oct Nov Dec

Report for 2013 June
                   Monthly Climatological Summary for Jun 2013

Name: GainesvilleTXWX   City: Gainesville   State: Texas
Elevation: 876 ft  Lat: N 33° 41' 02"   Lon: W 097° 10' 25"

                  Temperature (°F), Rain (in), Wind Speed (mph)

                                      Heat  Cool        Avg
    Mean                              Deg   Deg         Wind                 Dom
Day Temp  High   Time   Low    Time   Days  Days  Rain  Speed High   Time    Dir
----------------------------------------------------------------------------------
 1  76.6  85.6   4:50p  64.8  11:20p  11.6   0.0  0.09  10.0  37.1   2:10a    SE
 2  71.0  83.1   3:30p  59.5   5:10a   6.0   0.0  0.00   4.9  17.4   2:00p     N
 3  73.7  89.2   5:20p  58.5   4:50a   8.7   0.0  0.00   4.7  15.2  10:10a    SE
 4  77.4  89.8   5:00p  67.3   8:30a  12.4   0.0  0.00   9.8  30.0   2:10p    SE
 5  80.0  90.0   4:40p  71.8   7:50a  15.0   0.0  0.00   6.6  18.1   1:10p     E
 6  71.4  79.9   3:40p  64.8  11:50p   6.4   0.0  0.00   8.0  40.0   4:30a     N
 7  73.2  87.1   4:10p  59.7   6:30a   8.2   0.0  5.02   2.8  13.6   4:20p   NNE
 8  74.4  86.9   5:30p  61.5   6:10a   9.4   0.0  0.00   6.3  24.2  10:40a    SE
 9  78.2  93.6   6:30p  65.7   4:50a  13.2   0.0  0.00   3.9  25.9   6:20a     N
10  81.1  95.0   5:20p  67.1   5:40a  16.1   0.0  0.00   4.4  16.8   4:00p   SSW
11  81.6  93.2   2:30p  68.5   6:00a  16.6   0.0  0.00   6.3  26.2   5:10p     S
12  82.6  93.0   3:50p  71.1   6:20a  17.6   0.0  0.00   6.2  25.1   4:20p     S
13  84.4 101.5   5:00p  70.2   6:20a  19.4   0.0  5.02   3.6  11.0  10:30a     S
14  84.7  97.5   2:10p  72.1   5:50a  19.7   0.0  5.02   2.4  14.8  12:50p     S
15  81.6  90.0  12:20p  73.6  11:50p  16.6   0.0  0.00   4.9  21.3   5:50a   SSE
16  83.1  96.1   4:30p  69.8   5:20a  18.1   0.0  0.00   4.4  16.6   4:20p     S
17  79.1  91.6   6:00p  66.9   8:20a  14.1   0.0  0.00   4.7  21.9   6:50a    NE
18  78.1  91.0   3:50p  70.3   6:30a  13.1   0.0  0.00   3.9  16.8   9:10a    NE
19  79.2  92.3   2:40p  68.2   5:30a  14.2   0.0  0.79   4.3  16.3   7:20p   ESE
20  83.2  93.6   4:10p  73.6   6:20a  18.2   0.0  0.00   8.4  21.9  10:30a   SSE
21  83.5  93.9   4:20p  74.1   5:20a  18.5   0.0  0.00   9.1  27.1  12:20p   SSE
22  84.5  93.9   4:50p  74.1   6:30a  19.5   0.0  0.00  10.2  27.1  12:30p   SSE
23  85.0  94.6   4:50p  75.4   6:40a  20.0   0.0  0.00  11.3  27.1   5:50p   SSE
24  84.3  93.7   5:10p  74.3   6:40a  19.3   0.0  0.00  10.3  27.7  11:30a   SSE
25  85.6  96.3   3:30p  75.7   6:20a  20.6   0.0  0.00  11.8  28.6   5:30p   SSE
26  86.0  97.7   5:00p  74.8   6:30a  21.0   0.0  0.00   9.8  30.0  10:20a   SSE
27  87.9 103.5   4:10p  73.4   6:00a  22.9   0.0  0.00   4.4  22.6  10:40a     S
28  88.1 103.6  12:00p  75.7   4:30a  23.1   0.0  0.00   4.3  19.5   5:10p     N
29  84.8  98.8   2:40p  72.0   4:40a  19.8   0.0  0.00   4.8  17.4   5:40p     N
30  80.0  93.2   3:00p  68.7   6:40a  15.0   0.0  0.00   6.0  21.0   4:20p     N
----------------------------------------------------------------------------------
    80.8 103.6    28    58.5     3   474.3   0.0 15.94   6.4  40.0     6      SE

Max >=  80.0: 29
Max <=  32.0:  0
Min <=  32.0:  0
Min <=   0.0:  0
Max Rain: 5.02 on day 13
Days of Rain: 5 (>= 0.01 in)  4 (>= 0.10 in)  3 (>= 1.00 in)
Heat Base: 65.0  Cool Base: 65.0  Method: Integration