NOAA-Style Climate Reports

Select a Year or Month report
2018: Jan Feb Mar Apr May Jun Jul Aug Sep Oct Nov Dec
2017: Jan Feb Mar Apr May Jun Jul Aug Sep Oct Nov Dec
2016: Jan Feb Mar Apr May Jun Jul Aug Sep Oct Nov Dec
2015: Jan Feb Mar Apr May Jun Jul Aug Sep Oct Nov Dec
2014: Jan Feb Mar Apr May Jun Jul Aug Sep Oct Nov Dec
2013: Jan Feb Mar Apr May Jun Jul Aug Sep Oct Nov Dec

Report for 2013 May
                   Monthly Climatological Summary for May 2013

Name: GainesvilleTXWX   City: Gainesville   State: Texas
Elevation: 876 ft  Lat: N 33° 41' 02"   Lon: W 097° 10' 25"

                  Temperature (°F), Rain (in), Wind Speed (mph)

                                      Heat  Cool        Avg
    Mean                              Deg   Deg         Wind                 Dom
Day Temp  High   Time   Low    Time   Days  Days  Rain  Speed High   Time    Dir
----------------------------------------------------------------------------------
 1  71.7  85.5   4:00p  63.0   5:10a   6.7   0.0  0.00   7.0  17.0   3:50p   ESE
 2  47.9  65.8  12:00a  41.0  11:50p   0.0  17.1  0.00  12.6  30.9   2:10p   NNW
 3  51.7  68.7   4:30p  33.4   6:30a   0.0  13.3  0.00   6.0  26.4  12:20p   NNW
 4  56.9  72.1   4:50p  39.2   6:50a   0.0   8.1  0.00   5.7  28.6  12:40p   NNW
 5  57.7  72.7   4:30p  45.1  12:50a   0.0   7.3  0.00   6.3  19.5   9:30a     N
 6  64.7  83.7   4:50p  44.8   6:30a   0.0   0.3  0.00   2.1  12.5   2:40p     N
 7  70.2  84.9   3:40p  53.6   6:40a   5.2   0.0  0.00   4.1  20.6   3:00p   SSE
 8  72.5  86.0   3:10p  60.1   6:20a   7.5   0.0  0.00   9.4  30.9   4:40p   SSE
 9  69.5  75.9   5:40p  63.5  11:50p   4.5   0.0  0.00   7.6  23.0   1:40p   SSE
10  70.5  84.9   3:20p  61.7   5:40a   5.5   0.0  0.00   4.7  15.7   3:30p     N
11  69.1  85.3   4:40p  53.1   6:40a   4.1   0.0  0.00   5.4  24.4   2:00p     N
12  65.5  83.3   2:50p  47.7   6:30a   0.5   0.0  0.00   4.5  25.1  12:20p   ESE
13  71.7  89.4   5:00p  53.2   5:30a   6.7   0.0  0.00   5.9  24.4   5:20p   SSW
14  75.1  88.7   3:10p  56.8   6:50a  10.1   0.0  0.00   8.7  32.4   5:20p     S
15  72.2  82.0   1:50p  62.4  11:00p   7.2   0.0  0.42  12.4  32.9   4:30p   SSE
16  67.2  79.2   3:20p  61.9   5:00a   2.2   0.0  0.00   6.1  17.7   1:40a   ESE
17  75.8  89.8   5:10p  66.0  12:00a  10.8   0.0  0.00   7.1  21.9  12:40p    SE
18  81.3  92.1   4:10p  72.1   6:40a  16.3   0.0  0.00  11.9  30.9   5:30p   SSE
19  80.1  88.7   4:20p  70.9   6:30a  15.1   0.0  0.00  16.6  37.6  10:20a     S
20  77.5  89.1   2:50p  67.5  10:50p  12.5   0.0  0.00  12.8  34.2  10:30a     S
21  66.1  76.6   9:00a  57.4  11:50p   1.1   0.0  0.95   6.2  24.2   1:50p   NNE
22  70.1  88.2   3:00p  53.2   6:00a   5.1   0.0  0.00   3.1  13.4   6:40p   SSE
23  74.4  87.1   3:20p  63.7  10:00a   9.4   0.0  0.04   6.6  26.2   9:50a   ESE
24  75.1  85.6   3:20p  65.8   9:40p  10.1   0.0  0.34   6.5  19.5   9:00p   ESE
25  71.4  83.7   2:40p  65.8   1:10a   6.4   0.0  0.45   7.8  38.3  12:30a   SSE
26  76.6  85.8   5:20p  69.6  12:00a  11.6   0.0  0.00  10.5  24.6   6:10p   SSE
27  76.1  83.8   5:10p  70.2   6:20a  11.1   0.0  0.00  11.5  32.9   4:40p     S
28  77.0  82.6   3:00p  70.2   6:40a  12.0   0.0  0.00  13.7  33.3   3:50p   SSE
29  75.0  82.0   5:20p  67.5   9:50p  10.0   0.0  0.00  13.4  33.3   5:30p   SSE
30  79.1  88.0   5:50p  72.5   5:50a  14.1   0.0  0.58  14.2  38.9   9:50a     S
31  81.4  89.8   4:40p  74.3   4:40a  16.4   0.0  0.00  14.7  33.1   9:30a     S
----------------------------------------------------------------------------------
    70.7  92.1    18    33.4     3   222.2  46.1  2.78   8.6  38.9    30     SSE

Max >=  80.0: 24
Max <=  32.0:  0
Min <=  32.0:  0
Min <=   0.0:  0
Max Rain: 0.95 on day 21
Days of Rain: 6 (>= 0.01 in)  5 (>= 0.10 in)  0 (>= 1.00 in)
Heat Base: 65.0  Cool Base: 65.0  Method: Integration