NOAA-Style Climate Reports

Select a Year or Month report
2018: Jan Feb Mar Apr May Jun Jul Aug Sep Oct Nov Dec
2017: Jan Feb Mar Apr May Jun Jul Aug Sep Oct Nov Dec
2016: Jan Feb Mar Apr May Jun Jul Aug Sep Oct Nov Dec
2015: Jan Feb Mar Apr May Jun Jul Aug Sep Oct Nov Dec
2014: Jan Feb Mar Apr May Jun Jul Aug Sep Oct Nov Dec
2013: Jan Feb Mar Apr May Jun Jul Aug Sep Oct Nov Dec

Report for 2013 April
                   Monthly Climatological Summary for Apr 2013

Name: GainesvilleTXWX   City: Gainesville   State: Texas
Elevation: 876 ft  Lat: N 33° 41' 02"   Lon: W 097° 10' 25"

                  Temperature (°F), Rain (in), Wind Speed (mph)

                                      Heat  Cool        Avg
    Mean                              Deg   Deg         Wind                 Dom
Day Temp  High   Time   Low    Time   Days  Days  Rain  Speed High   Time    Dir
----------------------------------------------------------------------------------
 1  64.2  83.1   3:10p  47.7   5:30a   0.0   0.8  0.00   2.9  16.3   4:00p   ESE
 2  53.4  63.7  12:00a  48.0   9:30p   0.0  11.6  0.66  10.4  23.0   8:40p    NE
 3  43.8  46.4  12:00a  40.1   9:20p   0.0  21.2  0.71   8.3  19.5   8:20p   NNE
 4  44.7  54.5   3:50p  39.9   4:20a   0.0  20.3  0.04   5.6  14.8   3:40p   NNW
 5  53.8  67.3   4:20p  36.1   6:30a   0.0  11.2  0.00   4.7  19.9   4:50p     S
 6  63.7  74.5   5:40p  54.5   4:10a   0.0   1.3  0.00  11.2  35.3  11:30a     S
 7  65.3  71.1   5:30p  59.2   5:10a   0.3   0.0  0.00  14.2  32.2  11:30a   SSE
 8  69.5  76.5   2:50p  64.4   3:20a   4.5   0.0  0.00  14.9  34.7   4:20p     S
 9  71.7  79.0   5:10p  67.5   4:40a   6.7   0.0  0.00  14.7  36.9   9:40a   SSE
10  42.1  65.5  12:00a  36.5  11:20a   0.0  22.9  0.66   9.3  30.6   3:10a   NNW
11  48.5  66.6   3:50p  35.8   7:00a   0.0  16.5  0.00   4.6  14.8  10:00a    NW
12  58.9  77.5   3:20p  40.3   7:20a   0.0   6.1  0.00   3.5  13.0  10:20a   ENE
13  63.8  76.8   3:40p  50.2   6:40a   0.0   1.2  0.00   8.1  26.8  12:20p   SSE
14  67.5  80.4   5:30p  52.9   6:20a   2.5   0.0  0.00  11.4  28.4   1:40p     S
15  74.2  86.4   4:30p  65.5   6:50a   9.2   0.0  0.00  11.3  36.7   8:10p     S
16  75.4  85.8   4:10p  68.5   6:30a  10.4   0.0  0.00  10.3  29.1   5:30a   SSE
17  75.9  82.4   3:30p  71.1   5:50a  10.9   0.0  0.00  17.3  37.6  11:30p   SSE
18  52.1  75.2   1:50a  38.5  11:50p   0.0  12.9  1.16  10.5  40.0   3:10a   NNW
19  49.7  67.3   4:50p  33.8   5:00a   0.0  15.3  0.00   3.8  17.7  11:40a   WNW
20  55.6  69.6   4:20p  39.2   6:50a   0.0   9.4  0.00   8.5  30.4   3:00p   SSE
21  59.3  70.9   4:50p  48.0   4:30a   0.0   5.7  0.00   7.5  25.1   2:20p    SE
22  64.6  76.6   5:00p  50.0   6:10a   0.0   0.4  0.00  10.6  30.0  11:20a   SSE
23  50.9  66.9   1:00a  39.4  11:30p   0.0  14.1  0.00  10.3  31.8   2:50a   NNW
24  48.5  67.1   4:30p  32.9   6:40a   0.0  16.5  0.00   6.4  23.7   3:50a     N
25  56.9  73.0   2:00p  35.8   6:00a   0.0   8.1  0.00   5.0  20.1   4:50p   ESE
26  64.9  74.5   5:20p  58.1  10:00a   0.0   0.1  0.00   9.4  23.5   1:20p   SSE
27  66.2  79.2   4:50p  55.0  11:50p   1.2   0.0  0.00   5.4  19.9   4:50a    NW
28  66.1  81.9   3:00p  47.7   5:20a   1.1   0.0  0.00   3.8  15.7   6:10p   SSE
29  72.6  85.8   3:30p  59.2   6:40a   7.6   0.0  0.00   7.2  29.8   1:40p   SSE
30  70.8  81.7   4:30p  59.2   6:40a   5.8   0.0  0.00   8.2  26.6   1:20p   SSE
----------------------------------------------------------------------------------
    60.5  86.4    15    32.9    24    60.2 195.6  3.23   8.6  40.0    18     SSE

Max >=  80.0:  8
Max <=  32.0:  0
Min <=  32.0:  0
Min <=   0.0:  0
Max Rain: 1.16 on day 18
Days of Rain: 5 (>= 0.01 in)  4 (>= 0.10 in)  1 (>= 1.00 in)
Heat Base: 65.0  Cool Base: 65.0  Method: Integration