NOAA-Style Climate Reports

Select a Year or Month report
2018: Jan Feb Mar Apr May Jun Jul Aug Sep Oct Nov Dec
2017: Jan Feb Mar Apr May Jun Jul Aug Sep Oct Nov Dec
2016: Jan Feb Mar Apr May Jun Jul Aug Sep Oct Nov Dec
2015: Jan Feb Mar Apr May Jun Jul Aug Sep Oct Nov Dec
2014: Jan Feb Mar Apr May Jun Jul Aug Sep Oct Nov Dec
2013: Jan Feb Mar Apr May Jun Jul Aug Sep Oct Nov Dec

Report for 2013 March
                   Monthly Climatological Summary for Mar 2013

Name: GainesvilleTXWX   City: Gainesville   State: Texas
Elevation: 876 ft  Lat: N 33° 41' 02"   Lon: W 097° 10' 25"

                  Temperature (°F), Rain (in), Wind Speed (mph)

                                      Heat  Cool        Avg
    Mean                              Deg   Deg         Wind                 Dom
Day Temp  High   Time   Low    Time   Days  Days  Rain  Speed High   Time    Dir
----------------------------------------------------------------------------------
 1  40.5  56.8   1:10p  27.3   6:40a   0.0  24.5  0.00  12.5  12.5  12:00a     W
 2  41.1  59.2   3:20p  25.3   6:40a   0.0  23.9  0.00  12.5  12.5  12:00a     W
 3  52.8  70.7   3:40p  33.1   4:00a   0.0  12.2  0.00  12.5  12.5  12:00a     W
 4  66.2  87.8   4:20p  48.4  11:50p   1.2   0.0  0.00  12.5  12.5  12:00a     W
 5  47.2  58.8   3:30p  33.3  11:00p   0.0  17.8  0.00  12.5  12.5  12:00a     W
 6  52.6  67.8   2:05p  28.6   7:00a   0.0  12.4  0.00   5.2  12.5  12:00a     N
 7  54.7  70.5   3:50p  37.8   6:50a   0.0  10.3  0.00   4.5   4.9  12:00a   NNE
 8  57.1  61.2   2:10p  52.3   4:40a   0.0   7.9  0.00   4.5   4.9  12:00a   NNE
 9  60.4  68.7   3:10p  56.5   9:30p   0.0   4.6  1.03   4.5   4.9  12:00a   NNE
10  47.0  57.6  12:00a  35.2  11:50p   0.0  18.0  0.05   4.5   4.9  12:00a   NNE
11  44.8  63.0   3:30p  29.8   4:10a   0.0  20.2  0.00   4.5   4.9  12:00a   NNE
12  51.5  69.4   3:30p  34.9   6:50a   0.0  13.5  0.00   4.5   4.9  12:00a   NNE
13  53.9  69.4   1:40p  35.8   6:30a   0.0  11.1  0.00   4.3  15.4   5:00p    NE
14  59.9  77.4   4:10p  45.3   6:20a   0.0   5.1  0.00   6.4  21.0   1:30p     S
15  64.1  80.4   5:00p  49.3   4:40a   0.0   0.9  0.00   7.8  26.8   3:20p     S
16  68.0  80.8   5:00p  55.6   8:10a   3.0   0.0  0.00  10.8  28.6   9:40a     S
17  61.0  68.2  12:00a  49.3  11:40p   0.0   4.0  0.00   5.8  18.8   1:10a     W
18  55.9  70.2   4:40p  45.7   7:40a   0.0   9.1  0.00   7.8  25.7   6:10a   NNE
19  54.5  66.7  12:50p  41.2   6:00a   0.0  10.5  0.00   6.3  19.9  11:30a     E
20  55.8  71.8   2:20p  40.3   7:40a   0.0   9.2  0.00   4.8  13.0   3:20p   NNE
21  57.5  69.8   3:50p  48.9   3:40a   0.0   7.5  0.00  13.2  34.4   2:40p    SE
22  46.8  54.5  12:00a  42.1   6:50a   0.0  18.2  0.00  10.2  28.0   7:20a   NNE
23  46.8  51.8   5:00p  44.1   1:20a   0.0  18.2  0.37   5.7  22.6  11:20p   NNE
24  43.3  54.9   4:10p  34.3  11:50p   0.0  21.7  0.04   9.2  29.5   9:40a   NNW
25  40.2  54.3   4:20p  27.5   7:30a   0.0  24.8  0.00   6.6  27.5   1:50p   NNW
26  43.6  64.4   5:10p  25.9   6:20a   0.0  21.4  0.00   3.1  12.5   2:30p    SE
27  53.3  69.1   4:50p  34.0   6:40a   0.0  11.7  0.00  10.8  37.4   1:40p   SSE
28  60.7  69.4   5:10p  50.5   7:10a   0.0   4.3  0.00  11.2  28.6   5:10p   SSE
29  66.0  75.9   4:00p  59.2   4:00a   1.0   0.0  0.00  11.0  27.1  11:00a   SSE
30  65.5  75.9   5:10p  55.2   7:10a   0.5   0.0  0.71   6.0  19.7   4:00p     S
31  66.1  79.7   4:10p  56.3  11:40p   1.1   0.0  0.21   6.0  34.7   6:40a    NE
----------------------------------------------------------------------------------
    54.2  87.8     4    25.3     2     6.8 343.0  2.41   7.6  37.4    27     WNW

Max >=  80.0:  3
Max <=  32.0:  0
Min <=  32.0:  6
Min <=   0.0:  0
Max Rain: 1.03 on day 9
Days of Rain: 6 (>= 0.01 in)  4 (>= 0.10 in)  1 (>= 1.00 in)
Heat Base: 65.0  Cool Base: 65.0  Method: Integration