NOAA-Style Climate Reports

Select a Year or Month report
2018: Jan Feb Mar Apr May Jun Jul Aug Sep Oct Nov Dec
2017: Jan Feb Mar Apr May Jun Jul Aug Sep Oct Nov Dec
2016: Jan Feb Mar Apr May Jun Jul Aug Sep Oct Nov Dec
2015: Jan Feb Mar Apr May Jun Jul Aug Sep Oct Nov Dec
2014: Jan Feb Mar Apr May Jun Jul Aug Sep Oct Nov Dec
2013: Jan Feb Mar Apr May Jun Jul Aug Sep Oct Nov Dec

Report for 2013 February
                   Monthly Climatological Summary for Feb 2013

Name: GainesvilleTXWX   City: Gainesville   State: Texas
Elevation: 876 ft  Lat: N 33° 41' 02"   Lon: W 097° 10' 25"

                  Temperature (°F), Rain (in), Wind Speed (mph)

                                      Heat  Cool        Avg
    Mean                              Deg   Deg         Wind                 Dom
Day Temp  High   Time   Low    Time   Days  Days  Rain  Speed High   Time    Dir
----------------------------------------------------------------------------------
 1  40.7  56.7   3:10p  23.9   7:20a   0.0  24.3  0.00   6.6  25.7  12:00a     E
 2  50.4  67.8   3:00p  35.8   7:40a   0.0  14.6  0.00   4.6  17.0   2:00p     N
 3  52.2  68.4   3:20p  33.3   5:30a   0.0  12.8  0.00   5.0  22.8   3:50p    SE
 4  60.5  77.9   4:10p  52.0  11:40p   0.0   4.5  0.00   5.6  21.9   6:00a     S
 5  54.4  60.3   3:10p  48.7   1:50a   0.0  10.6  0.00   4.2   9.2   7:10a    NE
 6  59.7  74.5   4:00p  53.4   3:50a   0.0   5.3  0.00   8.4  25.9   3:40p    SE
 7  61.6  76.3   1:00p  47.8  11:50p   0.0   3.4  0.00  11.0  27.7   9:30a    SW
 8  49.7  65.7   3:40p  36.1   7:30a   0.0  15.3  0.00   5.5  17.7  12:10p   NNE
 9  47.7  54.1  11:50p  45.1   2:10a   0.0  17.3  0.00  11.2  23.5   2:30p    SE
10  56.6  68.4   3:40p  42.8  11:50p   0.0   8.4  0.58   6.8  26.2  12:30a   WSW
11  47.6  60.3   2:00p  39.4   7:10a   0.0  17.4  0.00   5.6  17.9  11:30a    NE
12  40.5  43.5   5:28p  37.6  10:20p   0.0  24.5  0.00   6.4  13.4  10:00p   NNW
13  45.2  61.7   3:50p  35.6   7:40a   0.0  19.8  0.00   3.1  16.1   3:10p     W
14  50.1  70.5   2:40p  33.3   6:10a   0.0  14.9  0.00   3.1  14.8  11:50p   SSE
15  43.8  50.5   3:50p  31.5  11:50p   0.0  21.2  0.00   9.0  23.5   2:30a   NNE
16  42.0  58.5   1:30p  27.9   7:20a   0.0  23.0  0.00   3.6  13.2  11:10a     W
17  53.1  70.9   2:40p  35.2   7:10a   0.0  11.9  0.00  10.5  33.3   3:50p     S
18  57.7  71.4  11:50a  41.5  11:20p   0.0   7.3  0.00  11.2  33.3  12:00p    SW
19  48.6  63.0   2:40p  34.5   6:40a   0.0  16.4  0.00   4.7  13.9   4:00p     E
20  41.0  50.0  12:00a  36.7   8:20p   0.0  24.0  0.33  10.7  24.2   4:00p     E
21  46.4  63.0   4:30p  36.3   2:40a   0.0  18.6  0.38   9.5  25.5   4:40p     E
22  36.9  50.7   4:00p  25.3   7:00a   0.0  28.1  0.00   5.9  17.7   1:00a     N
23  39.7  60.6   3:40p  25.3   6:20a   0.0  25.3  0.00   3.0   8.7   1:20a   NNE
24  51.1  68.0   4:00p  33.4   4:00a   0.0  13.9  0.00   9.7  27.7  11:30a    SE
25  46.3  54.9   1:10a  34.9   8:00p   0.0  18.7  0.04  10.1  25.7  12:50p   WSW
26  45.1  59.0   3:00p  36.5  10:50p   0.0  19.9  0.00  12.5  12.5  12:00a     W
27  43.2  57.4   3:30p  32.4   3:50a   0.0  21.8  0.00  12.5  12.5  12:00a     W
28  43.6  60.6   3:40p  30.9   6:10a   0.0  21.4  0.00  12.5  12.5  12:00a     W
----------------------------------------------------------------------------------
    48.4  77.9     4    23.9     1     0.0 464.6  1.33   7.6  33.3    17       S

Max >=  80.0:  0
Max <=  32.0:  0
Min <=  32.0:  6
Min <=   0.0:  0
Max Rain: 0.58 on day 10
Days of Rain: 4 (>= 0.01 in)  3 (>= 0.10 in)  0 (>= 1.00 in)
Heat Base: 65.0  Cool Base: 65.0  Method: Integration