NOAA-Style Climate Reports

Select a Year or Month report
2018: Jan Feb Mar Apr May Jun Jul Aug Sep Oct Nov Dec
2017: Jan Feb Mar Apr May Jun Jul Aug Sep Oct Nov Dec
2016: Jan Feb Mar Apr May Jun Jul Aug Sep Oct Nov Dec
2015: Jan Feb Mar Apr May Jun Jul Aug Sep Oct Nov Dec
2014: Jan Feb Mar Apr May Jun Jul Aug Sep Oct Nov Dec
2013: Jan Feb Mar Apr May Jun Jul Aug Sep Oct Nov Dec

Report for 2013 January
                   Monthly Climatological Summary for Jan 2013

Name: GainesvilleTXWX   City: Gainesville   State: Texas
Elevation: 876 ft  Lat: N 33° 41' 02"   Lon: W 097° 10' 25"

                  Temperature (°F), Rain (in), Wind Speed (mph)

                                      Heat  Cool        Avg
    Mean                              Deg   Deg         Wind                 Dom
Day Temp  High   Time   Low    Time   Days  Days  Rain  Speed High   Time    Dir
----------------------------------------------------------------------------------
 1  35.8  38.8   1:20a  32.0  11:30p   0.0  29.2  0.00   4.7  13.2   5:20a   WSW
 2  33.8  45.5   4:30p  27.7  10:10p   0.0  31.2  0.00   3.2  12.1   2:10p    SW
 3  37.1  51.6   3:30p  26.4   5:40a   0.0  27.9  0.00   4.0  17.4   4:00p     W
 4  41.1  52.3   3:00p  32.7   6:30a   0.0  23.9  0.00   2.8  11.0  11:20a     E
 5  43.5  58.5   4:20p  35.4   7:30a   0.0  21.5  0.00   4.6  18.6   2:40p   ESE
 6  41.9  59.5   3:10p  29.3   4:50a   0.0  23.1  0.00   4.4  15.4   2:20p     W
 7  41.5  55.9   1:20p  28.6   7:10a   0.0  23.5  0.00   3.2  15.4   1:10p   ENE
 8  44.9  48.2  10:10a  39.7   3:00a   0.0  20.1  0.46   4.8  11.9   7:40p    NW
 9  51.4  55.6   6:00p  47.1  12:00a   0.0  13.6  0.58   9.7  26.6   6:50p    NW
10  52.8  55.9   8:50a  45.0  11:20p   0.0  12.2  0.09   7.7  17.7  12:20p   ENE
11  55.9  70.3   2:00p  44.2   3:00a   0.0   9.1  0.00   9.1  27.5   3:00p     E
12  47.6  61.0   2:30a  32.2  11:40p   0.0  17.4  0.00  10.5  26.2   3:50p     N
13  32.1  40.8   4:40p  25.7  11:30p   0.0  32.9  0.00  10.4  25.7  12:50a     N
14  32.3  46.2   2:30p  23.4   3:20a   0.0  32.7  0.00   9.4  20.4   9:40a   NNE
15  31.5  38.5   3:00p  26.2   1:20a   0.0  33.5  0.00   6.2  15.2  11:00a     N
16  36.8  52.5   4:30p  21.7   5:00a   0.0  28.2  0.00   2.6  14.8   2:50p     W
17  45.5  59.9   3:10p  33.6   2:10a   0.0  19.5  0.00   5.7  17.7  12:40p     N
18  44.8  61.2   3:10p  28.0   7:10a   0.0  20.2  0.00   5.2  19.7   1:00p     S
19  49.3  67.5   2:30p  35.6   7:20a   0.0  15.7  0.00   4.5  17.7   3:10p     S
20  52.1  73.2   4:00p  34.5   7:30a   0.0  12.9  0.00   2.7  19.0   2:40p     E
21  43.7  57.0   4:00p  33.1   7:30a   0.0  21.3  0.00   8.6  20.8   9:40a   NNE
22  46.4  63.9   4:00p  31.5   4:00a   0.0  18.6  0.00   4.0  15.4   3:00p    SE
23  56.3  73.9   2:20p  40.6   6:50a   0.0   8.7  0.00   4.1  21.0   1:50p     S
24  56.5  77.5   2:10p  44.8   5:40a   0.0   8.5  0.00   4.0  13.0   1:40p     W
25  44.2  55.0   4:20p  37.2   9:40a   0.0  20.8  0.00   6.1  17.2   5:50a   NNE
26  44.9  50.5   4:00p  37.6   2:30a   0.0  20.1  0.00   4.8  12.8   9:10p     E
27  58.5  72.0   4:30p  46.6  12:40a   0.0   6.5  0.00  10.4  29.8   4:40p   SSE
28  67.8  75.7   3:10p  61.9   3:50a   2.8   0.0  0.00  11.9  29.3   7:40p     S
29  63.5  74.7   1:10p  51.3  11:30p   0.0   1.5  0.66  10.9  33.6   9:30a   SSW
30  43.8  51.8   2:50p  33.3  11:50p   0.0  21.2  0.00   7.0  27.3   1:20p   WNW
31  45.6  67.1   4:10p  28.6   5:40a   0.0  19.4  0.00   6.7  31.3  11:20p   WNW
----------------------------------------------------------------------------------
    45.9  77.5    24    21.7    16     2.8 594.9  1.79   6.3  33.6    29     NNE

Max >=  80.0:  0
Max <=  32.0:  0
Min <=  32.0: 12
Min <=   0.0:  0
Max Rain: 0.66 on day 29
Days of Rain: 4 (>= 0.01 in)  3 (>= 0.10 in)  0 (>= 1.00 in)
Heat Base: 65.0  Cool Base: 65.0  Method: Integration