NOAA-Style Climate Reports

Select a Year or Month report
2018: Jan Feb Mar Apr May Jun Jul Aug Sep Oct Nov Dec
2017: Jan Feb Mar Apr May Jun Jul Aug Sep Oct Nov Dec
2016: Jan Feb Mar Apr May Jun Jul Aug Sep Oct Nov Dec
2015: Jan Feb Mar Apr May Jun Jul Aug Sep Oct Nov Dec
2014: Jan Feb Mar Apr May Jun Jul Aug Sep Oct Nov Dec
2013: Jan Feb Mar Apr May Jun Jul Aug Sep Oct Nov Dec

Report for 2013
                   Annual Climatological Summary for 2013

Name: GainesvilleTXWX   City: Gainesville   State: Texas
Elevation: 754 ft  Lat: N 33° 41' 02"   Lon: W 097° 10' 25"

                  Temperature (°F), Heat Base: 65.0  Cool Base: 65.0
                          Dep.  Heat  Cool                       Max  Max  Min  Min
        Mean  Mean        From  Deg   Deg                        >=   <=   <=   <=
 YR MO  Max   Min   Mean  Norm  Days  Days  Hi  Date  Low  Date 80.0 32.0 32.0   0.0
------------------------------------------------------------------------------------
 13  1  58.7  35.3  45.9   0.0   605    12  78.1  24  21.7   16    0    0   12    0
 13  2  62.7  36.6  48.5   0.0   470     8  78.1   4  23.9    1    0    0    6    0
 13  3  68.0  41.3  53.9   0.0   378    34  88.0   4  25.3    2    4    0    6    0
 13  4  73.8  48.4  60.5   0.0   233    98  86.7  15  32.9   24    8    0    0    0
 13  5  83.6  59.4  70.7   0.0    75   251  92.1  18  33.3    3   24    0    0    0
 13  6  93.3  69.4  80.8   0.0     4   478 104.4  27  58.5    3   30    0    0    0
 13  7  97.8  70.7  82.4   0.0     1   541 112.6  11  60.1    2   30    0    0    0
 13  8 102.8  72.6  86.0   0.0     0   649 115.0  31  62.2   17   31    0    0    0
 13  9  97.4  66.9  80.6   0.0    14   481 118.8   1  53.1   22   28    0    0    0
 13 10  78.1  53.7  65.2   0.0   144   150  96.8  12  36.5   19   11    0    0    0
 13 11  62.1  41.2  51.0   0.0   412    18  84.4  17  22.8   13    1    0    7    0
 13 12
------------------------------------------------------------------------------------
        79.9  54.1  65.9   0.0  2339  2727 118.8 Sep  21.7  Jan  167    0   31    0

                                Precipitation (in)

              Dep.   Max        Days of Rain
              From   Obs.           >=
 YR MO Total  Norm   Day Date 0.01 0.10 1.00
---------------------------------------------
 13  1  1.79   0.0  0.66  29     4    3    0
 13  2  1.33   0.0  0.58  10     4    3    0
 13  3  2.41   0.0  1.03   9     6    4    1
 13  4  3.23   0.0  1.16  18     5    4    1
 13  5  2.78   0.0  0.95  21     6    5    0
 13  6 41.04   0.0  5.02  13    10    9    8
 13  7  3.90   0.0  0.96  28    10   10    0
 13  8  0.66   0.0  0.38  16     4    3    0
 13  9  3.03   0.0  1.20  20     4    4    1
 13 10  4.39   0.0  1.41  14     9    8    2
 13 11  1.87   0.0  1.20  21     6    4    1
 13 12
---------------------------------------------
       66.43   0.0  5.02  Jun   68   57   14

                                Wind Speed (mph)
                          Dom
 YR MO   Avg.  Hi   Date  Dir
------------------------------
 13  1   6.3  33.6   29   NNE
 13  2   7.6  33.3   18     S
 13  3   7.6  37.4   27   WNW
 13  4   8.6  40.0   18   SSE
 13  5   8.6  38.9   30   SSE
 13  6   6.4  40.0    6    SE
 13  7   5.1  45.0   24    SE
 13  8   5.0  33.6   16    SE
 13  9   4.7  30.0   27   ESE
 13 10   6.8  28.6   29    SE
 13 11   6.3  32.0    2     E
 13 12
------------------------------
         6.6  45.0  Jul    SE