NOAA-Style Climate Reports

Select a Year or Month report
2018: Jan Feb Mar Apr May Jun Jul Aug Sep Oct Nov Dec
2017: Jan Feb Mar Apr May Jun Jul Aug Sep Oct Nov Dec
2016: Jan Feb Mar Apr May Jun Jul Aug Sep Oct Nov Dec
2015: Jan Feb Mar Apr May Jun Jul Aug Sep Oct Nov Dec
2014: Jan Feb Mar Apr May Jun Jul Aug Sep Oct Nov Dec
2013: Jan Feb Mar Apr May Jun Jul Aug Sep Oct Nov Dec

Report for 2017 July
                   Monthly Climatological Summary for Jul 2017

Name: GainesvilleTXWX   City: Gainesville   State: Texas
Elevation: 876 ft  Lat: N 33° 41' 02"   Lon: W 097° 10' 25"

                  Temperature (°F), Rain (in), Wind Speed (mph)

                                      Heat  Cool        Avg
    Mean                              Deg   Deg         Wind                 Dom
Day Temp  High   Time   Low    Time   Days  Days  Rain  Speed High   Time    Dir
----------------------------------------------------------------------------------
 1  75.2  84.7   5:26p  67.7   6:47a   0.0  10.1  0.33   4.5  22.0   5:03a   SSW
 2  80.8  90.6   7:08p  72.0   1:55a   0.0  15.8  0.05   9.3  32.0  11:06p   SSW
 3  79.9  89.9   5:27p  69.1   3:20a   0.0  14.9  0.00   9.1  26.0  10:32a     S
 4  78.4  90.6   6:55p  66.4   1:38a   0.0  13.4  0.55   6.3  39.0  12:43a   WSW
 5  79.3  88.5   3:16p  69.9   5:03a   0.0  14.3  0.13   5.8  32.0   4:42a    SE
 6  81.5  93.1   6:03p  70.1   5:49a   0.0  16.6  0.00   1.9  12.0   5:13p     S
 7  85.0  95.9   5:29p  74.9   3:54a   0.0  19.9  0.00   2.9  13.0   7:27p   SSW
 8  81.0  94.1   3:55p  73.7  11:27p   0.0  16.0  0.00   4.5  22.0   5:11p   SSE
11   0.0   0.0  12:00a   0.0  12:00a   0.0   0.0  0.00  14.7  18.0   6:00p   ESE
12   0.0   0.0  12:00a   0.0  12:00a   0.0   0.0  0.00  13.2  20.0   2:00p    SE
13   0.0   0.0  12:00a   0.0  12:00a   0.0   0.0  0.00  10.3  15.0  11:11a    SE
14   0.0   0.0  12:00a   0.0  12:00a   0.0   0.0  0.00   6.7  14.0   1:36p    SW
15   0.0   0.0  12:00a   0.0  12:00a   0.0   0.0  0.30   7.8  16.0   7:00a     E
16   0.0   0.0  12:00a   0.0  12:00a   0.0   0.0  0.00   7.4  15.0   4:48p   NNE
17   0.0   0.0  12:00a   0.0  12:00a   0.0   0.0  0.00   8.5  16.0   3:00p   ENE
18   0.0   0.0  12:00a   0.0  12:00a   0.0   0.0  0.00  ----  15.0  11:06a   ---
19   0.0   0.0  12:00a   0.0  12:00a   0.0   0.0  0.00  ----  17.0   9:24a   ---
20   0.0   0.0  12:00a   0.0  12:00a   0.0   0.0  0.00  ----  17.0  10:12a   ---
21   0.0   0.0  12:00a   0.0  12:00a   0.0   0.0  0.00  ----  20.0   1:26p   ---
22   0.0   0.0  12:00a   0.0  12:00a   0.0   0.0  0.00  ----  21.0   3:00p   ---
23   0.0   0.0  12:00a   0.0  12:00a   0.0   0.0  0.58  ----  36.0   4:01p   ---
24   0.0   0.0  12:00a   0.0  12:00a   0.0   0.0  0.46  ----  22.0  12:40a   ---
25   0.0   0.0  12:00a   0.0  12:00a   0.0   0.0  0.00  ----  21.0   4:00p   ---
26   0.0   0.0  12:00a   0.0  12:00a   0.0   0.0  0.00  ----  24.0  12:36p   ---
27  83.8  90.1   7:36p   0.0  12:00a   0.0   3.9  0.00   2.0  20.0   9:14a   SSW
28  88.2 102.0   5:13p  74.7   7:10a   0.0  23.2  0.00   3.6  17.0  11:56a   SSW
29  85.0  94.8   5:14p  77.8   4:03a   0.0  20.0  0.00   3.8  15.0   3:15p     N
30  81.4  90.8   4:40p  74.9   4:16a   0.0  16.4  0.00   3.3  14.0   6:20p   NNE
31  79.5  89.8   4:54p  69.5   7:13a   0.0  14.5  0.00   2.4  13.0   3:38p   NNE
----------------------------------------------------------------------------------
    36.5 102.0    28     0.0    13     0.0 199.0  2.40   5.5  39.0     4      SE

Max >=  80.0: 13
Max <=  32.0: 16
Min <=  32.0: 17
Min <=   0.0: 17
Max Rain: 0.58 on day 23
Days of Rain: 7 (>= 0.01 in)  6 (>= 0.10 in)  0 (>= 1.00 in)
Heat Base: 65.0  Cool Base: 65.0  Method: Integration